(10 + (-850)/70). Let m(g) = -b - 18 + 9 + 10 + 5*g. Suppose -5*v - 8 = -v. What is m(v)?
-11
Let c(v) = v**2 - 9*v + 4. Let w = 9 - 9. Suppose -5*g - 15 - 10 = w. Let f be ((-28)/(g - -9))/(-1). Calculate c(f).
-10
Let x(n) = n**3 + 4*n**2 - 2*n - 4. Let w(i) be the second derivative of i**5/10 + i**4/12 + 2*i**3/3 + i**2 + 27*i. Let j be w(-1). What is x(j)?
11
Let g(i) = 8*i**2 - 2*i - 1. Let m be -2 + 1 + -8 + 11. Suppose -m*f = -3*f - n, 4*n + 8 = 0. Give g(f).
27
Suppose -1 = -2*o + 103. Let r = o + -52. Let v(i) = -2*i + r*i - i + 2*i. Calculate v(3).
-3
Let l(k) be the first derivative of k**3/3 + 7*k**2/2 + k + 2. Let m be (-3)/(-4) - (-3887)/(-676). Give l(m).
-9
Suppose -i - 16 = -0*t + 2*t, -i = t + 9. Let u be 3 + -4 + t + 4. Let l(q) = q - 7 + 0*q + 11 - 7. What is l(u)?
-7
Let u(d) be the second derivative of d**5/20 - 7*d**4/12 + d**3/3 - 3*d**2/2 + 157*d + 39. Let l be (-2)/(-7) - 282/(-42). Give u(l).
11
Let s(t) = t**2 + 6*t - 13. Suppose -201 = -39*i - 551 - 274. Determine s(i).
147
Let w(r) = 4*r**2 - 85*r - 61. Let v be w(22). Let c be 2/5 - 106/(-10). Let n(x) = v*x + 0*x - 12 + 7*x - c*x. Determine n(7).
-5
Let c(j) be the second derivative of -4*j**3 + 7*j**2/2 + 943*j. Give c(3).
-65
Let q(v) = v**2 - 6*v + 8. Let x be q(4). Suppose -7*a - 2*a + 531 = x. Let w(f) = -59*f + a*f - 2 + 2*f**2 + 1. What is w(-2)?
7
Let h(s) = -29 - s - 24 + 56. Let j = -8 + -21. Let d = -32 - j. Determine h(d).
6
Let z(w) = -18333*w**2 + 18316*w**2 + 20 - w**3 - 12*w + 36. Determine z(-16).
-8
Let a(f) = -4140*f - 3 + 2071*f + 2077*f. Let k(o) = o**2 + 3*o - 4. Let h be k(-3). Let y be h/(-2) - (2 + -2). What is a(y)?
13
Let f = -9 - -16. Suppose d + f*d = -64. Let h be (-3*1 - -1)/(d/(-20)). Let w(i) = i**3 + 4*i**2 - 6*i - 6. Calculate w(h).
-1
Let q be 0 + 7 + -3 - -36. Suppose -i - 58 = -5*s, 7*s - 2*s + 5*i - q = 0. Let l(c) = -c**3 + 12*c**2 - 11*c. Determine l(s).
0
Let i(p) = -5*p + 104. Suppose 0 = -25*r - 50*r + 108*r - 693. Give i(r).
-1
Let x(l) be the third derivative of -l**6/120 + l**5/4 - 25*l**4/24 + l**3/6 + 3*l**2 + 374*l. Determine x(13).
14
Let z(b) be the second derivative of b**5/20 + 5*b**4/3 + b**3/6 + 27*b**2/2 - b. Let g = -9564 - -9544. What is z(g)?
7
Let w(f) = -f**2 + 20. Suppose -4*o + 8*z - 1285 = 3*z, 4*o - 3*z = -1283. Let i be 64/o*(1 + -1). Calculate w(i).
20
Suppose 3*v + 26 = 5*v. Let z = 10 - v. Let l(y) = 145 - 2*y + 142 - 288. Calculate l(z).
5
Let x be (2 - 3) + -3 - (-6)/(-3). Let h(r) = -4 + 157*r**2 + 163*r**2 - 3 + 2 + 6*r - 319*r**2. Determine h(x).
-5
Let h(k) = k**2 + 11*k + 5. Let r be h(-12). Suppose 0 = -5*w + 43 + r. Let q(g) = -6 + w*g**2 + 7 - 2. Calculate q(1).
11
Let l(a) = 14*a - 22. Let y = 27432 + -27439. Determine l(y).
-120
Let m(k) be the second derivative of 1/20*k**5 - k - 3/2*k**2 + k**3 - 1/2*k**4 + 0. Let s be (3 - 285/45)/((-6)/9). What is m(s)?
2
Let y(b) = 0*b**2 + 76 - 3*b**2 - 7*b + 4*b**2 + b - 73. What is y(7)?
10
Let w(k) = -47 - 153*k + k**2 + 472*k - 159*k - 144*k. What is w(-19)?
10
Let c(i) = -14*i**2 + 118*i - 8. Let t(f) = -10*f**2 + 120*f - 6. Let w(u) = 5*c(u) - 6*t(u). Give w(-13).
-4
Let d(w) = -w**2 + 2. Suppose 3*l + 0 + 27 = 3*p, -p - 2*l = 3. Let n be (p/(-5) + 3)*1. Let v(u) = -u**3 + u**2 + 2*u - 3. Let h be v(n). Calculate d(h).
-7
Let t(m) = 2*m**2 - 31*m + 6. Suppose -i + 1125 = 1110. Determine t(i).
-9
Let q(l) be the third derivative of -l**7/5040 + l**6/60 - l**5/30 + l**3/6 - l**2. Let h(v) be the third derivative of q(v). What is h(7)?
5
Suppose 2 = -2*l - 0*l + 3*z, -l = -4*z + 6. Let w(y) be the first derivative of 15*y**2 - 16*y**l + 16 - 3 + 5*y. Calculate w(5).
-5
Suppose 28*h - 430 = 18*h. Suppose h = 10*s - 6*s + 5*l, 5*l + 110 = 5*s. Let w(c) = c - 18. Determine w(s).
-1
Suppose -3*g - 5*b = -4*b + 462, g = b - 154. Let q = g + 152. Let a(l) be the second derivative of l**5/10 + l**4/6 - l**3/3 - l**2 - 7*l. Determine a(q).
-6
Let k(t) be the second derivative of t**4/2 - 37*t**3/2 - 27*t**2 + 888*t. Determine k(19).
3
Suppose 4*s - k = 104, -2*k = 3*s - 6*s + 73. Suppose 127 + 28 + 651 = 62*r. Let c(h) = -4*h**3 - 2*h**3 + 7*h**3 + h**2 + r - s. Give c(0).
-14
Let t = 756 - 757. Let h(r) = -12*r + 1. Give h(t).
13
Let g(k) = -2*k**2 + 5*k. Let q(a) = -9*a**2 - 2*a - 111. Let c(x) = 4*g(x) - q(x). Determine c(-16).
15
Let l = -93 + 168. Let a = l + -81. Let c(n) = 2*n + 11. Let q(f) = 4*f + 24. Let s(m) = 5*c(m) - 2*q(m). Calculate s(a).
-5
Let b(z) = z**2 + 4*z - 13. Let l be b(-5). Let s be (-132)/55*(-20)/l. Let q(n) = -n - 3. Calculate q(s).
3
Let n(c) = -c**3 + 5*c**2 - 3*c + 2. Suppose -10 = a - 3*a. Suppose -d + a*u + 26 = 1, -19 = -3*d + u. Suppose d*r = 47 - 27. What is n(r)?
6
Let s(t) = -t**2 + 11*t + 31. Let q(b) be the third derivative of b**5/5 + 5*b**4/8 - 13*b**3/6 + 173*b**2 + b. Let p be q(1). Calculate s(p).
-11
Let u(g) = g**3 - g**2 - 3*g + 5. Suppose 4*r + 65 - 73 = 0. Let j be u(r). Suppose -3*z + j - 9 = 0. Let c(t) = -5*t - 1. Give c(z).
9
Let q(z) be the second derivative of z**3/2 + 3*z**2/2 + 9560*z. Let m = 4 + -3. Let w = -4 + m. What is q(w)?
-6
Let y(h) be the first derivative of -2*h**2 + 7*h + 4. Let m be 400/(-225) + (2/(-9) - 0). Let k be (m + 15/(-6))/((-3)/4). Calculate y(k).
-17
Suppose -111 = f + 37. Let u = f + 266. Let d(q) = -2*q - 3*q + 112*q**2 + 3 - q**3 - u*q**2. Calculate d(-5).
3
Let q(s) be the second derivative of 0*s**4 + 0 - 7/30*s**5 - 12*s + 1/6*s**3 - s**2. Let a(t) be the first derivative of q(t). Calculate a(1).
-13
Let o(i) = -12*i - 148. Let p be o(6). Let k = 218 + p. Let w(v) = v + 4. Calculate w(k).
2
Let t(k) = -k**3 + 6*k**2 - 1 + 0 + k + 0*k**3 - 4. Suppose -4*x + 8 = -42*u + 46*u, 2*u = -5*x - 8. Calculate t(u).
1
Let k(o) = -2*o**2. Suppose -10*m + 7*m + 52 = 4*g, 4*m + 3*g = 60. Suppose 0 = -10*f + 4*f + m. What is k(f)?
-8
Let o(b) = -4*b**2 - 5*b + 16. Let m = -2147 + 2144. Give o(m).
-5
Let z(c) = -2*c**2 - 4*c + 5. Suppose -5*v - 30 = 0, 4*j - 28*v + 32 = -30*v. Determine z(j).
-25
Let a(r) = r**2 - 12. Suppose 4*i + 8 = 8*s - 3*s, 2*s = 3*i + 6. Let d be s/((-2)/(-5)*-5). Determine a(d).
-12
Let p(g) be the third derivative of -11*g**4/24 + 23*g**3/6 + 15*g**2 - 86*g. Give p(7).
-54
Let x(u) = -4*u - 1. Suppose -46 = -3*n - 4*b, -43*n + 44*n - 5*b = -10. Determine x(n).
-41
Let s(t) = 9*t + 6 - 7 - 11 - 11. Give s(2).
-5
Suppose -5 - 1 = -t. Let f(i) = -108*i + 2. Let l(k) = -161*k + 3. Let d(q) = 6*f(q) - 4*l(q). Calculate d(t).
-24
Let c(p) be the first derivative of 6*p - 5/2*p**2 + 44 - 1/3*p**3. What is c(-7)?
-8
Let u(j) = 10*j**2 - 30*j - 2. Let n be u(3). Let b(a) = a**3 - a**2 - 3*a - 5. Determine b(n).
-11
Let b(c) = 3*c + 4. Let h(s) = -5*s**2 + 2*s - 1. Let y be h(1). Let a(t) be the third derivative of t**4/6 + 3*t**3/2 - t**2. Let f be a(y). Calculate b(f).
-17
Let h(n) = -2*n**2 - 3*n - 2. Let r = -49 - -49. Let o(m) = 2*m - 2. Let k be o(2). Suppose r*z = -z - k. Calculate h(z).
-4
Let j(z) be the first derivative of 13*z - 1/4*z**4 - 58 - 10/3*z**3 - 3*z**2. Give j(-9).
-14
Let h(v) be the first derivative of v**3/3 + 5*v**2/2 - 14*v - 57. Calculate h(2).
0
Let d(s) be the second derivative of -s**4/4 - 4*s**3/3 + 46*s**2 + 29*s - 51. Calculate d(-7).
1
Let g(b) = b**2 + 5*b - 3. Let x be 12/(-15) + (-140)/(-50). Let w be (-3 + 2 - x) + -2. Determine g(w).
-3
Let s(p) = -3*p**2 + 1. Let f be 42/315 + 28/15. Let l(w) = w**3 - 45*w**f + 4 + 23*w**2 + 18*w**2 + 2*w. Let d be l(3). Calculate s(d).
-2
Suppose 0 = -38*i + 125 + 237 - 20. Let j(a) = -2*a**3 + 20*a**2 - 14*a - 22. Calculate j(i).
14
Let m(f) be the second derivative of f**3/6 + f**2 + 84*f. Let z(c) = c**2 - 7*c. Suppose 3*j - v - 22 = 0, 5*j + v = -0*j + 34. Let l be z(j). Calculate m(l).
2
Let l(v) = 13*v**3 - 71*v**2 - 101*v + 180. Let x(f) = 19*f**3 - 106*f**2 - 150*f + 271. Let r(a) = 16*l(a) - 11*x(a). What is r(31)?
-8
Let o(a) = 0 + 1 - 2*a - a. Suppose 10946*d - 10959*d = -26. Calculate o(d).
-5
Let i = 3198 - 3192. Let b(m) = 7*m - 1. Determine b(i).
41
Let q(u) = 54 + 47 - 149 + 46 + 121*u - 138*u. What is q(4)?
-70
Let d(a) be the first derivative of -a**2 - a - 7. Let b be 20/2 + 1326/(-102). What is d(b)?
5
Let b(c) = c**3 - 3*c**2 + 14*c - 39. Let x be b(3). Let n